{"id":180,"date":"2012-07-08T19:27:45","date_gmt":"2012-07-08T19:27:45","guid":{"rendered":"http:\/\/heimatvereintutschfelden.wordpress.com\/?page_id=2"},"modified":"2012-07-08T19:27:45","modified_gmt":"2012-07-08T19:27:45","slug":"about","status":"publish","type":"page","link":"http:\/\/heimatverein-tutschfelden.de\/?page_id=180","title":{"rendered":"Heimatverein"},"content":{"rendered":"<p>auf der Internetseite des Heimatvereins Tutschfelden.<\/p>\n<p>Auf den Seiten unserer Homepage laden wir Sie dazu ein, mehr \u00fcber\u00a0 Tutschfelden sowie den Heimatverein und seine Aktivit\u00e4ten zu erfahren.<\/p>\n<p>Viel Spa\u00df beim St\u00f6bern!<\/p>\n","protected":false},"excerpt":{"rendered":"<p>auf der Internetseite des Heimatvereins Tutschfelden. Auf den Seiten unserer Homepage laden wir Sie dazu ein, mehr \u00fcber\u00a0 Tutschfelden sowie den Heimatverein und seine Aktivit\u00e4ten zu erfahren. Viel Spa\u00df beim St\u00f6bern!<\/p>\n","protected":false},"author":1,"featured_media":0,"parent":0,"menu_order":3,"comment_status":"closed","ping_status":"closed","template":"","meta":{"ngg_post_thumbnail":0,"footnotes":""},"class_list":["post-180","page","type-page","status-publish","hentry"],"_links":{"self":[{"href":"http:\/\/heimatverein-tutschfelden.de\/index.php?rest_route=\/wp\/v2\/pages\/180","targetHints":{"allow":["GET"]}}],"collection":[{"href":"http:\/\/heimatverein-tutschfelden.de\/index.php?rest_route=\/wp\/v2\/pages"}],"about":[{"href":"http:\/\/heimatverein-tutschfelden.de\/index.php?rest_route=\/wp\/v2\/types\/page"}],"author":[{"embeddable":true,"href":"http:\/\/heimatverein-tutschfelden.de\/index.php?rest_route=\/wp\/v2\/users\/1"}],"replies":[{"embeddable":true,"href":"http:\/\/heimatverein-tutschfelden.de\/index.php?rest_route=%2Fwp%2Fv2%2Fcomments&post=180"}],"version-history":[{"count":0,"href":"http:\/\/heimatverein-tutschfelden.de\/index.php?rest_route=\/wp\/v2\/pages\/180\/revisions"}],"wp:attachment":[{"href":"http:\/\/heimatverein-tutschfelden.de\/index.php?rest_route=%2Fwp%2Fv2%2Fmedia&parent=180"}],"curies":[{"name":"wp","href":"https:\/\/api.w.org\/{rel}","templated":true}]}}