{"id":55,"date":"2023-11-17T16:36:21","date_gmt":"2023-11-17T14:36:21","guid":{"rendered":"http:\/\/heimatvereintutschfelden.wordpress.com\/?page_id=55"},"modified":"2023-11-17T16:36:21","modified_gmt":"2023-11-17T14:36:21","slug":"projekte-2","status":"publish","type":"page","link":"http:\/\/heimatverein-tutschfelden.de\/?page_id=55","title":{"rendered":"Projekte"},"content":{"rendered":"<p>Vielf\u00e4ltige Aktivit\u00e4ten in und um das Dorf kennzeichnen die Arbeit des Heimatvereins:<\/p>\n<p><a title=\"Z Li\u00e4cht Go\" href=\"http:\/\/heimatverein-tutschfelden.de\/?page_id=60\">Z Li\u00e4cht Go<\/a><\/p>\n<p><a title=\"Heimatmuseum\" href=\"http:\/\/heimatverein-tutschfelden.de\/?page_id=57\">Heimatmuseum<\/a><\/p>\n<p><a title=\"Historisches Rebst\u00fcck\" href=\"http:\/\/heimatverein-tutschfelden.de\/?page_id=191\">Historisches Rebst\u00fcck<\/a><\/p>\n<p><a title=\"Wandertag\" href=\"http:\/\/heimatverein-tutschfelden.de\/?page_id=62\">Wandertag<\/a><\/p>\n<p><a title=\"Wanderweg\" href=\"http:\/\/heimatverein-tutschfelden.de\/?page_id=198\">Wanderweg Rund um Tutschfelden<\/a><\/p>\n<p><a title=\"Bleichtalbr\u00fccke\" href=\"http:\/\/heimatverein-tutschfelden.de\/?page_id=145\">Bleichtalbr\u00fccke<\/a><\/p>\n","protected":false},"excerpt":{"rendered":"<p>Vielf\u00e4ltige Aktivit\u00e4ten in und um das Dorf kennzeichnen die Arbeit des Heimatvereins: Z Li\u00e4cht Go Heimatmuseum Historisches Rebst\u00fcck Wandertag Wanderweg Rund um Tutschfelden Bleichtalbr\u00fccke<\/p>\n","protected":false},"author":1,"featured_media":0,"parent":0,"menu_order":5,"comment_status":"closed","ping_status":"closed","template":"","meta":{"ngg_post_thumbnail":0,"footnotes":""},"class_list":["post-55","page","type-page","status-publish","hentry"],"_links":{"self":[{"href":"http:\/\/heimatverein-tutschfelden.de\/index.php?rest_route=\/wp\/v2\/pages\/55","targetHints":{"allow":["GET"]}}],"collection":[{"href":"http:\/\/heimatverein-tutschfelden.de\/index.php?rest_route=\/wp\/v2\/pages"}],"about":[{"href":"http:\/\/heimatverein-tutschfelden.de\/index.php?rest_route=\/wp\/v2\/types\/page"}],"author":[{"embeddable":true,"href":"http:\/\/heimatverein-tutschfelden.de\/index.php?rest_route=\/wp\/v2\/users\/1"}],"replies":[{"embeddable":true,"href":"http:\/\/heimatverein-tutschfelden.de\/index.php?rest_route=%2Fwp%2Fv2%2Fcomments&post=55"}],"version-history":[{"count":5,"href":"http:\/\/heimatverein-tutschfelden.de\/index.php?rest_route=\/wp\/v2\/pages\/55\/revisions"}],"predecessor-version":[{"id":611,"href":"http:\/\/heimatverein-tutschfelden.de\/index.php?rest_route=\/wp\/v2\/pages\/55\/revisions\/611"}],"wp:attachment":[{"href":"http:\/\/heimatverein-tutschfelden.de\/index.php?rest_route=%2Fwp%2Fv2%2Fmedia&parent=55"}],"curies":[{"name":"wp","href":"https:\/\/api.w.org\/{rel}","templated":true}]}}