{"id":60,"date":"2012-07-08T20:50:55","date_gmt":"2012-07-08T20:50:55","guid":{"rendered":"http:\/\/heimatvereintutschfelden.wordpress.com\/?page_id=60"},"modified":"2023-11-06T15:25:35","modified_gmt":"2023-11-06T13:25:35","slug":"z-liacht-go","status":"publish","type":"page","link":"http:\/\/heimatverein-tutschfelden.de\/?page_id=60","title":{"rendered":"Z Li\u00e4cht Go \/ Offene Heimatstube"},"content":{"rendered":"<p>Alle zwei Wochen, jeweils am Freitag in den geraden Kalenderwochen, treffen sich die Mitglieder des Vereins ab 19.30 Uhr in der Heimatstube zum gem\u00fctlichen Beisammensein.<\/p>\n<p>Diese Art der Gemeinschaft geht auf den Brauch des &#8222;Z Li\u00e4cht Go&#8220; zur\u00fcck.<\/p>\n","protected":false},"excerpt":{"rendered":"<p>Alle zwei Wochen, jeweils am Freitag in den geraden Kalenderwochen, treffen sich die Mitglieder des Vereins ab 19.30 Uhr in der Heimatstube zum gem\u00fctlichen Beisammensein. Diese Art der Gemeinschaft geht auf den Brauch des &#8222;Z Li\u00e4cht Go&#8220; zur\u00fcck.<\/p>\n","protected":false},"author":1,"featured_media":0,"parent":55,"menu_order":1,"comment_status":"closed","ping_status":"closed","template":"","meta":{"ngg_post_thumbnail":0,"footnotes":""},"class_list":["post-60","page","type-page","status-publish","hentry"],"_links":{"self":[{"href":"http:\/\/heimatverein-tutschfelden.de\/index.php?rest_route=\/wp\/v2\/pages\/60","targetHints":{"allow":["GET"]}}],"collection":[{"href":"http:\/\/heimatverein-tutschfelden.de\/index.php?rest_route=\/wp\/v2\/pages"}],"about":[{"href":"http:\/\/heimatverein-tutschfelden.de\/index.php?rest_route=\/wp\/v2\/types\/page"}],"author":[{"embeddable":true,"href":"http:\/\/heimatverein-tutschfelden.de\/index.php?rest_route=\/wp\/v2\/users\/1"}],"replies":[{"embeddable":true,"href":"http:\/\/heimatverein-tutschfelden.de\/index.php?rest_route=%2Fwp%2Fv2%2Fcomments&post=60"}],"version-history":[{"count":1,"href":"http:\/\/heimatverein-tutschfelden.de\/index.php?rest_route=\/wp\/v2\/pages\/60\/revisions"}],"predecessor-version":[{"id":571,"href":"http:\/\/heimatverein-tutschfelden.de\/index.php?rest_route=\/wp\/v2\/pages\/60\/revisions\/571"}],"up":[{"embeddable":true,"href":"http:\/\/heimatverein-tutschfelden.de\/index.php?rest_route=\/wp\/v2\/pages\/55"}],"wp:attachment":[{"href":"http:\/\/heimatverein-tutschfelden.de\/index.php?rest_route=%2Fwp%2Fv2%2Fmedia&parent=60"}],"curies":[{"name":"wp","href":"https:\/\/api.w.org\/{rel}","templated":true}]}}